.
2
Let g(l) = -l**2 - l + 3. Let i be g(0). What are the prime factors of 4 - 8*i*-2?
2, 13
Let o(y) = -19*y - 14. What are the prime factors of o(-6)?
2, 5
Let z(a) be the first derivative of 2*a**2 + 3*a - 2. What are the prime factors of z(3)?
3, 5
Suppose -5*s + 43 = -172. Suppose -5*u + 7 + s = 0. What are the prime factors of u?
2, 5
Suppose o - 234 = -4*o + 2*u, 2*u = o - 42. List the prime factors of o.
2, 3
Let a be ((-16)/(-10))/((-2)/(-5)). Let u be (-1*3)/((-2)/a). Suppose k - 2 = u. List the prime factors of k.
2
Let n(l) = -6*l + 10. Let r be n(-15). Suppose -16*z + r = -12*z. List the prime factors of z.
5
Suppose -2*d + 10 = n, 0 = d - 0*n + 4*n - 19. Suppose -d*h = -2*h - 7. What are the prime factors of h?
7
Let y be (-3 - -38)*6/(-15). Let p be 26 + (-2 + 2)/(-2). Let u = y + p. List the prime factors of u.
2, 3
Let g = -8 - -12. Suppose -g*w = 7 - 27. What are the prime factors of w?
5
Suppose 16 = -t + 6. List the prime factors of (-21)/(-35) - 54/t.
2, 3
Let z = 233 + -135. What are the prime factors of z?
2, 7
Suppose 0 = -3*k - 0*k + 42. Suppose 2*h - k = 10. What are the prime factors of h?
2, 3
Let r = -120 - -232. What are the prime factors of r?
2, 7
What are the prime factors of (3 + -1)*(11 - -2)?
2, 13
Let t = -25 + 60. Let d be (-1)/(-2 + t/18). Suppose -4*n - d = -5*n. List the prime factors of n.
2, 3
Let k be (-66)/(-10) + 4/10. Let h(t) = t**3 - 7*t**2 - t + 10. What are the prime factors of h(k)?
3
Let b = 10 - -2. Let j = 29 - b. What are the prime factors of j?
17
Let b(j) be the third derivative of j**6/24 - j**5/30 + j**4/12 - j**3/6 + j**2. Let o be b(1). Suppose 0 = -o*w + 12 + 8. What are the prime factors of w?
5
Suppose -1974 = -7*c - 0*c. List the prime factors of c.
2, 3, 47
What are the prime factors of 145/4 - 9/(-12)?
37
Let l(p) = p - 5. Let s be l(8). Suppose s*c = -c + 32. List the prime factors of c.
2
Let u(o) be the third derivative of o**4/12 - o**3/2 - 2*o**2. What are the prime factors of u(5)?
7
Let y = 2 + 0. Suppose 5*f + y*j - 6*j = 90, 4*f = -2*j + 46. List the prime factors of f.
2, 7
Suppose -4*h + 3*n + 268 = -2*n, -4*h = -4*n - 264. Let z be (-4)/6 + h/(-6). Let p = 20 + z. What are the prime factors of p?
3
Suppose -i + 24 = 60. Suppose 16*h - 92 = 20*h. Let d = h - i. What are the prime factors of d?
13
Let s(k) = -k**3 - 8*k**2 + 9*k + 7. List the prime factors of s(-9).
7
Let g be 6/24 + (-214)/(-8). Let r = -19 + g. What are the prime factors of r?
2
Let j(g) = 6*g**3 - 2*g + 1. Let l be j(1). Suppose l*y = -0*t + 3*t + 25, 4*y = 2*t + 18. List the prime factors of y.
2
Suppose -3*t = -26 + 8. Let a(c) = -c**3 + 6*c**2 + 4*c - 6. Let r be a(t). Let l = r - 9. List the prime factors of l.
3
Suppose 3*z + 45 = 4*n - 7, -n - 22 = z. List the prime factors of (z + 2)/((-6)/4).
2, 3
Let r = 356 + -228. What are the prime factors of r?
2
What are the prime factors of (-3)/(4 - -5)*-33?
11
Let l = 6 + -6. Suppose l = 4*u - 4*o - 20, -4*u = u + 2*o - 39. What are the prime factors of u?
7
What are the prime factors of (-1 - -2)*(-2 + 185)?
3, 61
Let x(z) = 6*z - 16. Let i be x(12). List the prime factors of i/(-16)*(0 - 2).
7
Let g(o) = -4*o**2 + 3*o - 4. Let c be g(3). Let a = 43 + c. What are the prime factors of a?
2, 3
Suppose p = k - 220, k + 2*p = -74 + 306. List the prime factors of k.
2, 7
Let n be (-1 + 3)*(-172)/8. Let o = n + 23. Let v = 31 + o. What are the prime factors of v?
11
Suppose 2*z = 4 + 16. Let n = 0 + z. Let d = -7 + n. List the prime factors of d.
3
Let a(b) = -4*b**2 - 25*b - 14. Let g(o) = 2*o**2 + 13*o + 7. Let u(n) = -3*a(n) - 5*g(n). What are the prime factors of u(-6)?
19
Suppose 0 = -5*v + 25, t - 4*t + 3*v + 240 = 0. List the prime factors of t.
5, 17
Suppose -5*z = -20, 2*z = 2*h - 2*z + 14. Let v(d) = d + 1. Let m be v(h). Suppose -m + 17 = 5*o. List the prime factors of o.
3
Let u(q) = -15*q**3 - 3*q**2 + 2. Let m be u(1). Let g = m - -30. What are the prime factors of g?
2, 7
Suppose -a + 4*t = -4*a + 117, -2*a - t + 78 = 0. What are the prime factors of a?
3, 13
Let i(r) = -r**2 - 6*r + 5. Let o be i(-7). Let y be 0 + (-18)/4*o. Suppose -y - 7 = -4*a. List the prime factors of a.
2
Let p = 3 - -26. Let r = p + -8. What are the prime factors of r?
3, 7
Let h(c) = 15*c**2 - 4*c - 8*c**2 - 3 - 2*c**2. What are the prime factors of h(-3)?
2, 3
List the prime factors of 286/(4 + -2) - (-7 + 7).
11, 13
Let m(x) = x**2 + 7*x - 8. Let h be m(-8). Suppose -j + 5*c + 29 = h, -2*j - 2*c = 3*j - 226. Suppose -4 + j = 5*z. What are the prime factors of z?
2
Suppose 135 = 6*t - t. Let y = 6 + t. List the prime factors of y.
3, 11
What are the prime factors of 8/(-3)*(-219)/4?
2, 73
Let b(i) = -i**3 + 10*i**2 - 9*i + 4. Let n be b(9). Suppose 11 - 47 = -n*v. What are the prime factors of -3*(2 + v/(-3))?
3
Let a = 6 + 2. Let y(s) = s**3 - 9*s**2 + 10*s + 10. List the prime factors of y(a).
2, 13
Let r(a) = -3*a. Let q be -5 + (1 + 0)*1. List the prime factors of r(q).
2, 3
Let z be (17 + -7)/((-4)/2). Let m = z - -14. List the prime factors of m.
3
Suppose 0 = -2*p + 2*m - 3*m + 14, 4*p - 5*m - 56 = 0. Let o = p - 4. Suppose -23 = -3*x - o*a, 2*a - a = -2. List the prime factors of x.
11
Let u(h) = -13*h + 1. Let q(m) = m. Let o(a) = 8*a - 1. Let n(v) = o(v) + 6*q(v). Let w(r) = -6*n(r) - 7*u(r). List the prime factors of w(1).
2, 3
Let b be ((-1)/(-3))/(3/9). Let t be b*2/1 - 3. List the prime factors of (1 - (-1)/t) + 11.
11
Let d(y) = -y**2 + 11*y - 10. Let v = -11 - -1. Let f(t) = t**3 + 10*t**2 - t - 2. Let q be f(v). What are the prime factors of d(q)?
2, 7
Let k(a) = 2*a**3 - 3*a**2 - 3*a + 6. List the prime factors of k(4).
2, 37
Let b be (-2)/(((-8)/6)/(-2)). Let p(l) be the third derivative of l**5/60 - 4*l**2. List the prime factors of p(b).
3
Let b(p) = -p**3 + 13*p**2 - 11*p. What are the prime factors of b(12)?
2, 3
Let g(l) = 8 - 8 - 7*l + 2*l**2. What are the prime factors of g(5)?
3, 5
Suppose -16*d - 6*d + 2882 = 0. List the prime factors of d.
131
Let n(b) = 3*b - 3. What are the prime factors of n(10)?
3
Let i(m) = m**3 - 8*m**2 + m + 8. Suppose -5*b + b = -32. List the prime factors of i(b).
2
Let o(c) = c**2 - 2*c - 4. Let x be o(3). Let k = 15 - x. List the prime factors of k.
2
Suppose 0 = 4*x - a + 61, -2*a = 4*x - a + 51. Let o = -5 - x. List the prime factors of o.
3
Suppose -t - 2 = -11. List the prime factors of (3/t)/((-2)/(-246)).
41
Let r be (-1 + -47)*(-1)/(-2). Let j be r/(-3) - (0 - 0). Suppose j + 3 = 5*w + x, w + 13 = -4*x. List the prime factors of w.
3
Let l = 2 + 1. Let r be -1 + l/(-3) + 5. Let d = r - 1. List the prime factors of d.
2
Suppose -5*v = -7*v - 16. Let g = 1 + v. What are the prime factors of 4/(-14) + (-107)/g?
3, 5
Let n(o) = o + 3. Suppose 5 = -3*q - 4. Let r be n(q). Suppose -39 = -5*g + 4*c, -g - 4*c + 3 = -r*c. List the prime factors of g.
7
Let i(g) = g**2 - g + 3. Let f be ((-8)/5)/(2/(-5)). Let r be i(f). Suppose r = d + 4*d. List the prime factors of d.
3
Let z = 276 - 142. Suppose 2*v + 106 = -z. List the prime factors of 2/10 + v/(-25).
5
Let s be (-17 + -1)*(-5)/(-2). Let q = s - -76. List the prime factors of q.
31
Let v = -314 - -546. What are the prime factors of v?
2, 29
Let h = -12 - -19. Let m = h + -15. List the prime factors of (m/(-20))/(2/10).
2
Let w(c) = c**3 - 4*c**2 + 5*c + 8. What are the prime factors of w(5)?
2, 29
Suppose -4*u + 30 = 5*l, 5*u - 4*l - 28 + 11 = 0. Let i = 18 - u. List the prime factors of i.
13
Let l be 0 + 1 + (-9)/3. Let w be -23 - (2/l)/(-1). Let p = -12 - w. What are the prime factors of p?
2, 3
Suppose 4*a = 68 + 12. List the prime factors of a.
2, 5
Let n(p) = -16. Let o(x) = x + 47. Let f(w) = -17*n(w) - 6*o(w). What are the prime factors of f(-4)?
2, 7
Suppose -x + 33 + 96 = 0. What are the prime factors of x?
3, 43
Suppose -2*b + 68 = -32. Suppose 0 = -8*k + 3*k + b. What are the prime factors of k?
2, 5
Suppose -3*d + v + 10 = 0, 3*d - 2*v + 3*v = 14. Suppose 2*z = -3*c + 37, -4*z + 3*c = d*c - 59. What are the prime factors of z?
2, 7
Let g(r) be the third derivative of -r**5/60 + 5*r**4/24 + r**3/3 + r**2. Let x be g(7). Let d = x + 28. List the prime factors of d.
2
Let r be 2/(0 - 2) + -1. Let g = 10 + 0. Let o = g + r. List the prime fa